False
Is 18 a factor of 28530?
True
Is 107254 a multiple of 16?
False
Does 34 divide 5950?
True
Is 486 a multiple of 7?
False
Is 310 a multiple of 10?
True
Is 21 a factor of 1323?
True
Does 24 divide 8034?
False
Is 28 a factor of 2146?
False
Is 77607 a multiple of 174?
False
Is 1056 a multiple of 48?
True
Is 51 a factor of 64021?
False
Is 74 a factor of 814?
True
Does 146 divide 10512?
True
Is 54 a factor of 1620?
True
Is 13 a factor of 192?
False
Is 151 a factor of 8286?
False
Is 427 a multiple of 4?
False
Does 36 divide 40993?
False
Does 41 divide 5489?
False
Is 32 a factor of 5760?
True
Does 18 divide 1314?
True
Is 1005 a multiple of 102?
False
Does 34 divide 408?
True
Is 9 a factor of 350?
False
Is 4 a factor of 71?
False
Does 24 divide 12807?
False
Is 18377 a multiple of 391?
True
Does 214 divide 11853?
False
Does 23 divide 437?
True
Does 19 divide 941?
False
Does 15 divide 6734?
False
Is 11 a factor of 5896?
True
Is 25968 a multiple of 4?
True
Does 21 divide 315?
True
Is 11 a factor of 110?
True
Is 11 a factor of 826?
False
Does 5 divide 522?
False
Is 17820 a multiple of 10?
True
Is 20 a multiple of 20?
True
Is 3562 a multiple of 27?
False
Is 16 a factor of 639?
False
Is 21 a factor of 19634?
False
Does 26 divide 265?
False
Does 124 divide 5014?
False
Is 12 a factor of 14266?
False
Is 474 a multiple of 51?
False
Is 13 a factor of 401?
False
Is 5 a factor of 1690?
True
Does 31 divide 155?
True
Does 29 divide 5338?
False
Is 7 a factor of 61892?
False
Does 16 divide 5088?
True
Is 168 a multiple of 6?
True
Is 72 a factor of 6214?
False
Is 15972 a multiple of 132?
True
Does 35 divide 347?
False
Is 6 a factor of 132?
True
Does 30 divide 12197?
False
Is 15 a factor of 37252?
False
Is 7 a factor of 185?
False
Is 4634 a multiple of 14?
True
Does 15 divide 32820?
True
Is 46 a factor of 3283?
False
Does 18 divide 198?
True
Is 85 a factor of 577?
False
Is 414 a multiple of 9?
True
Is 110 a factor of 387?
False
Is 10 a factor of 6144?
False
Is 4 a factor of 293?
False
Is 13510 a multiple of 193?
True
Does 48 divide 2304?
True
Is 56 a factor of 1002?
False
Is 17 a factor of 17491?
False
Does 272 divide 63538?
False
Does 23 divide 3887?
True
Does 9 divide 198?
True
Does 3 divide 54?
True
Is 2376 a multiple of 24?
True
Is 2 a factor of 1061?
False
Does 10 divide 8342?
False
Is 16279 a multiple of 11?
False
Is 9 a factor of 723?
False
Is 42 a factor of 252?
True
Is 3 a factor of 207?
True
Is 2014 a multiple of 38?
True
Is 2 a factor of 1312?
True
Is 5157 a multiple of 166?
False
Is 304 a multiple of 19?
True
Does 84 divide 44774?
False
Is 17586 a multiple of 297?
False
Is 11 a factor of 340?
False
Does 43 divide 26415?
False
Does 2 divide 12626?
True
Is 664 a multiple of 8?
True
Is 4 a factor of 18255?
False
Does 21 divide 55902?
True
Is 8 a factor of 351?
False
Is 61 a factor of 6843?
False
Is 2124 a multiple of 9?
True
Is 25 a factor of 6484?
False
Does 3 divide 36?
True
Is 9951 a multiple of 46?
False
Is 1860 a multiple of 15?
True
Is 20356 a multiple of 38?
False
Does 3 divide 1622?
False
Does 106 divide 3059?
False
Is 6 a factor of 1152?
True
Is 1976 a multiple of 33?
False
Does 9 divide 1062?
True
Is 3 a factor of 219?
True
Does 71 divide 46319?
False
Is 11 a factor of 24398?
True
Is 3308 a multiple of 8?
False
Does 22 divide 30074?
True
Is 11852 a multiple of 14?
False
Is 7825 a multiple of 25?
True
Is 18360 a multiple of 216?
True
Is 19047 a multiple of 104?
False
Does 56 divide 12320?
True
Is 3840 a multiple of 10?
True
Is 17 a factor of 470?
False
Is 32916 a multiple of 156?
True
Is 3680 a multiple of 115?
True
Is 39 a factor of 41730?
True
Does 193 divide 22930?
False
Does 153 divide 11628?
True
Is 2 a factor of 124?
True
Is 50 a factor of 6311?
False
Does 3 divide 321?
True
Does 5 divide 148?
False
Is 137676 a multiple of 77?
True
Is 21 a factor of 168?
True
Does 17 divide 50828?
False
Is 102 a factor of 10404?
True
Is 50 a factor of 15800?
True
Is 1088 a multiple of 26?
False
Is 16 a factor of 11859?
False
Does 183 divide 8930?
False
Is 3584 a multiple of 16?
True
Is 28 a factor of 14252?
True
Is 104160 a multiple of 217?
True
Is 3960 a multiple of 2?
True
Does 4 divide 6184?
True
Is 12682 a multiple of 34?
True
Does 36 divide 2356?
False
Is 500 a multiple of 8?
False
Does 92 divide 14444?
True
Does 40 divide 295?
False
Does 45 divide 50850?
True
Is 15 a factor of 225?
True
Is 24 a factor of 457?
False
Is 116315 a multiple of 143?
False
Is 48 a factor of 618?
False
Is 2 a factor of 273?
False
Is 12 a factor of 2107?
False
Does 45 divide 1296?
False
Is 11 a factor of 3128?
False
Is 15 a factor of 41222?
False
Is 127377 a multiple of 284?
False
Is 52 a factor of 364?
True
Does 14 divide 112?
True
Is 50 a multiple of 5?
True
Is 16266 a multiple of 134?
False
Is 12 a factor of 226?
False
Does 14 divide 1017?
False
Does 38 divide 882?
False
Is 244 a factor of 15221?
False
Is 37 a factor of 17039?
False
Does 17 divide 22912?
False
Does 14 divide 28011?
False
Does 12 divide 5496?
True
Does 4 divide 140?
True
Does 10 divide 25048?
False
Is 451 a multiple of 8?
False
Does 22 divide 1397?
False
Is 1386 a multiple of 21?
True
Is 22 a factor of 146?
False
Does 21 divide 75938?
False
Is 3673 a multiple of 55?
False
Is 310 even?
True
Is 44 a multiple of 6?
False
Does 340 divide 46580?
True
Is 2757 a multiple of 41?
False
Does 5 divide 260?
True
Is 15782 a multiple of 26?
True
Is 3560 a multiple of 10?
True
Does 120 divide 78598?
False
Is 25332 a multiple of 9?
False
Is 2272 a multiple of 16?
True
Is 78 a factor of 3666?
True
Does 12 divide 13596?
True
Is 3 a factor of 120?
True
Is 6106 a multiple of 22?
False
Is 194 a factor of 4656?
True
Is 4630 a multiple of 10?
True
Does 5 divide 490?
True
Is 8 a factor of 56?
True
Is 23 a factor of 2568?
False
Is 3960 a multiple of 120?
True
Does 15 divide 420?
True
Does 122 divide 25010?
True
Is 443 a multiple of 36?
False
Does 12 divide 18704?
False
Is 53 a factor of 2582?
False
Does 5 divide 4285?
True
Is 49 a factor of 784?
True
Is 9 a factor of 9250?
False
Is 3493 a multiple of 9?
False
Is 2690 a multiple of 5?
True
Does 13 divide 12896?
True
Is 4212 a multiple of 13?
True
Is 18 a factor of 258?
False
Does 10 divide 110?
True
Does 47 divide 1269?
True
Does 69 divide 2472?
False
Does 17 divide 13902?
False
Is 154 a multiple of 7?
True
Is 9 a factor of 680?
False
Is 21604 a multiple of 6?
False
Does 96 divide 2400?
True
Is 3373 a multiple of 17?
False
Is 38 a multiple of 31?
False
Does 15 divide 21531?
False
Does 26 divide 34216?
True
Is 7666 a multiple of 59?
False
Does 114 divide 19370?
False
Is 30 a multiple of 3?
True
Does 54 divide 9286?
False
Does 2 divide 263?
False
Does 16 divide 1279?
False
Is 1058 a multiple of 23?
True
Does 32 divide 5376?
True
Is 5475 a multiple of 15?
True
Is 16 a factor of 649?
False
Is 5184 a multiple of 108?
True
Is 55 a factor of 16610?
True
Does 7 divide 349?
False
Is 10 a factor of 912?
False
Is 21 a factor of 4583?
False
Is 16 a factor of 47248?
True
Does 11 divide 2688?
False
Is 4246 a multiple of 62?
False
Is 7800 a multiple of 24?
True
Does 78 divide 1319?
False
Does 5 divide 3693?
False
Is 8174 a multiple of 134?
True
Is 44 a multiple of 2?
True
Is 14672 a multiple of 16?
True
Is 1444 a multiple of 76?
True
Does 22 divide 2068?
True
Does 29 divide 1044?
True
Is 2870 a multiple of 7?
True
Is 20960 a multiple of 80?
True
Is 8046 a multiple of 69?
False
Is 77 a factor of 5698?
True
Does 3 divide 690?
True
Is 20174 a multiple of 262?
True
Is 12 a factor of 3016?
False
Is 68 a factor of 15585?
False
Does 9 divide 3421?
False
Does 58 divide 302?
False
Does 21 divide 1430?
False
Is 90232 a multiple of 23?
False
Is 5 a factor of 10135?
True
Is 229 a factor of 67326?
True
Is 1557 a multiple of 56?
False
Is 6 a factor of 3086?
False
Does 184 divide 13381?
False
Is 13 a factor of 3219?
False
Is 4472 a multiple of 21?
False
Does 9 divide 4907?
False
Does 3 divide 144?
True
Is 91 a factor of 10430?
False
Is 1904 a multiple of 16?
True
Is 426 a multiple of 21?
False
Does 14 divide 8184?
False
Is 7 a factor of 368?
False
Is 49628 a multiple of 38?
True
Does 5 divide 12791?
False
Does 5 divide 309?
False
Is 10 a factor of 22073?
False
Does 15 divide 562?
False
Does 17 divide 3111?
True